late the remainder when 25456 is divided by 1958.
2
Calculate the remainder when 10065 is divided by 409.
249
What is the remainder when 5189 is divided by 400?
389
Calculate the remainder when 11505 is divided by 198.
21
What is the remainder when 57175 is divided by 153?
106
Calculate the remainder when 7122 is divided by 791.
3
Calculate the remainder when 143777 is divided by 14.
11
Calculate the remainder when 9942 is divided by 117.
114
What is the remainder when 81799 is divided by 27245?
64
Calculate the remainder when 498419 is divided by 49840.
19
Calculate the remainder when 12670 is divided by 176.
174
What is the remainder when 3367 is divided by 212?
187
What is the remainder when 194957 is divided by 16241?
65
Calculate the remainder when 13802 is divided by 117.
113
What is the remainder when 2270 is divided by 262?
174
What is the remainder when 15423 is divided by 15353?
70
Calculate the remainder when 37849 is divided by 18.
13
Calculate the remainder when 541158 is divided by 1023.
1014
What is the remainder when 1474548 is divided by 1925?
1923
Calculate the remainder when 120873 is divided by 8633.
11
What is the remainder when 3035 is divided by 65?
45
What is the remainder when 99601 is divided by 63?
61
What is the remainder when 11600 is divided by 11600?
0
What is the remainder when 6198 is divided by 3071?
56
What is the remainder when 39980 is divided by 1817?
6
Calculate the remainder when 213412 is divided by 296.
292
Calculate the remainder when 2135 is divided by 50.
35
Calculate the remainder when 12069 is divided by 936.
837
What is the remainder when 102 is divided by 73?
29
Calculate the remainder when 141493 is divided by 10102.
65
What is the remainder when 7503255 is divided by 8?
7
Calculate the remainder when 90524 is divided by 75.
74
Calculate the remainder when 173548 is divided by 1789.
15
Calculate the remainder when 4925 is divided by 35.
25
What is the remainder when 25416 is divided by 12122?
1172
What is the remainder when 148792 is divided by 15?
7
What is the remainder when 1826 is divided by 164?
22
Calculate the remainder when 25143 is divided by 82.
51
Calculate the remainder when 8050662 is divided by 23.
18
Calculate the remainder when 58029 is divided by 2763.
6
What is the remainder when 6314 is divided by 18?
14
Calculate the remainder when 173324 is divided by 332.
20
Calculate the remainder when 5722 is divided by 34.
10
What is the remainder when 1750 is divided by 270?
130
Calculate the remainder when 12940 is divided by 1175.
15
What is the remainder when 115 is divided by 44?
27
What is the remainder when 2029567 is divided by 256?
255
Calculate the remainder when 2068 is divided by 924.
220
What is the remainder when 22581 is divided by 626?
45
Calculate the remainder when 4508286 is divided by 128.
126
What is the remainder when 288164 is divided by 391?
388
Calculate the remainder when 303074 is divided by 5.
4
Calculate the remainder when 31997 is divided by 23.
4
Calculate the remainder when 82037 is divided by 20509.
1
Calculate the remainder when 2376 is divided by 708.
252
Calculate the remainder when 122599 is divided by 17512.
15
Calculate the remainder when 52578 is divided by 1496.
218
What is the remainder when 9638 is divided by 4819?
0
Calculate the remainder when 101503 is divided by 175.
3
Calculate the remainder when 7644 is divided by 1975.
1719
Calculate the remainder when 29080 is divided by 14531.
18
What is the remainder when 2686 is divided by 1178?
330
Calculate the remainder when 10695 is divided by 6.
3
Calculate the remainder when 15685 is divided by 251.
123
Calculate the remainder when 68742 is divided by 46.
18
What is the remainder when 18187 is divided by 3029?
13
What is the remainder when 318749 is divided by 10?
9
Calculate the remainder when 528259 is divided by 305.
304
What is the remainder when 4228 is divided by 1406?
10
Calculate the remainder when 9952 is divided by 4974.
4
Calculate the remainder when 908231 is divided by 78.
77
What is the remainder when 25364 is divided by 168?
164
Calculate the remainder when 2767 is divided by 902.
61
Calculate the remainder when 237486 is divided by 128.
46
What is the remainder when 7754 is divided by 658?
516
What is the remainder when 919 is divided by 302?
13
Calculate the remainder when 143716 is divided by 49.
48
What is the remainder when 65590 is divided by 21830?
100
Calculate the remainder when 11181 is divided by 372.
21
Calculate the remainder when 31084 is divided by 31082.
2
Calculate the remainder when 105636 is divided by 69.
66
What is the remainder when 44175 is divided by 8835?
0
What is the remainder when 8057 is divided by 481?
361
What is the remainder when 8715 is divided by 438?
393
Calculate the remainder when 44371 is divided by 20.
11
Calculate the remainder when 5356 is divided by 1716.
208
What is the remainder when 3962 is divided by 21?
14
Calculate the remainder when 43597 is divided by 75.
22
Calculate the remainder when 405 is divided by 134.
3
Calculate the remainder when 539 is divided by 192.
155
What is the remainder when 29693 is divided by 23?
0
What is the remainder when 3531848 is divided by 493?
489
What is the remainder when 168151 is divided by 81?
76
What is the remainder when 15225 is divided by 15197?
28
Calculate the remainder when 16934 is divided by 28.
22
Calculate the remainder when 1258673 is divided by 362.
361
Calculate the remainder when 2689586 is divided by 11.
9
Calculate the remainder when 2513924 is divided by 703.
699
What is the remainder when 3367 is divided by 672?
7
Calculate the remainder when 75076 is divided by 1091.
888
Calculate the remainder when 6813 is divided by 72.
45
What is the remainder when 158329 is divided by 212?
177
Calculate the remainder when 1689 is divided by 19.
17
What is the remainder when 3365 is divided by 338?
323
Calculate the remainder when 3795 is divided by 127.
112
Calculate the remainder when 177227 is divided by 35439.
32
What is the remainder when 17531 is divided by 41?
24
What is the remainder when 1039555 is divided by 1674?
1
Calculate the remainder when 2722 is divided by 433.
124
Calculate the remainder when 48865 is divided by 27.
22
Calculate the remainder when 56797 is divided by 200.
197
What is the remainder when 215445 is divided by 43078?
55
Calculate the remainder when 35107 is divided by 28.
23
What is the remainder when 3603 is divided by 1144?
171
Calculate the remainder when 30643 is divided by 11.
8
What is the remainder when 3639 is divided by 42?
27
What is the remainder when 112044 is divided by 242?
240
What is the remainder when 101212 is divided by 955?
937
Calculate the remainder when 2567445 is divided by 676.
673
Calculate the remainder when 60519 is divided by 469.
18
Calculate the remainder when 4966 is divided by 332.
318
Calculate the remainder when 5452 is divided by 298.
88
Calculate the remainder when 4736 is divided by 519.
65
Calculate the remainder when 15396 is divided by 5106.
78
Calculate the remainder when 459 is divided by 42.
39
Calculate the remainder when 12909 is divided by 227.
197
What is the remainder when 9436 is divided by 345?
121
Calculate the remainder when 227574 is divided by 187.
182
Calculate the remainder when 3012757 is divided by 993.
988
Calculate the remainder when 122387 is divided by 188.
187
Calculate the remainder when 11723 is divided by 608.
171
Calculate the remainder when 38223 is divided by 531.
522
Calculate the remainder when 145571 is divided by 2274.
35
What is the remainder when 50601 is divided by 349?
345
What is the remainder when 8070 is divided by 1152?
6
Calculate the remainder when 63908 is divided by 166.
164
Calculate the remainder when 224878 is divided by 60.
58
What is the remainder when 40819 is divided by 6802?
7
What is the remainder when 9268 is divided by 490?
448
Calculate the remainder when 396847 is divided by 50.
47
What is the remainder when 3901 is divided by 558?
553
Calculate the remainder when 102898 is divided by 1210.
48
What is the remainder when 934 is divided by 72?
70
Calculate the remainder when 2996 is divided by 999.
998
Calculate the remainder when 4625 is divided by 261.
188
Wh